4
Suppose 10 - 2 = 2*x + 3*y, -5*x = 2*y - 20. Suppose -2*b + 14 - 3124 = -4*t, -3109 = -x*t + b. What is the tens digit of t?
7
Let k = 57229 - 29212. Suppose 15*q - 48*q + k = 0. What is the hundreds digit of q?
8
Let g = -16442 - -22912. What is the units digit of g?
0
Suppose 0 = -3*z - 3, -2*y - 78*z = -77*z - 9483. What is the units digit of y?
2
Let s = 140 - 76. Suppose -5*j + 2*j - 72 = 3*q, -3*j - 5*q = 74. Let p = s - j. What is the units digit of p?
7
Suppose 0 = 4*z - 4 - 124. Let j = z + 177. What is the hundreds digit of j?
2
Let t(b) be the second derivative of 9*b**5/20 - 2*b**4/3 + 13*b**3/3 - 51*b - 2. What is the hundreds digit of t(5)?
0
Let c = -14086 + 29039. What is the thousands digit of c?
4
What is the tens digit of 4/(-8)*(-273 + 15)?
2
Suppose 37 - 1168 = -4*h + 5*a, 0 = -3*h + 4*a + 848. Let g = 1292 - h. What is the hundreds digit of g?
0
Suppose 0*j = -3*z + 3*j + 120, 3*z + 2*j = 95. Let q = 49 + z. Suppose 3*f + 0*f + 9 = 0, 0 = -3*y + f + q. What is the tens digit of y?
2
Let f(p) be the first derivative of p**4/4 - 2*p**3/3 + p**2/2 - p - 19. Let g be f(2). What is the hundreds digit of 6/24 - (543/(-4) - g)?
1
Suppose -20753 = -5*w + 3*o, 5*o - 6450 = -w - 2305. What is the units digit of w?
0
Let l(k) = 3*k + 23. Suppose -15*c + 3*c - 96 = 0. Let a be l(c). What is the units digit of ((53 + a)/2)/(2/5)?
5
Let k = 72 - -252. Let v = k + -78. What is the units digit of v?
6
Suppose -a + 2*p + 7 = -2*a, 2*p = -2*a - 4. Suppose -2259 = -a*h + k, 3*h + h - 5*k - 3012 = 0. What is the tens digit of h?
5
What is the units digit of (259/(-21))/(20/(-1200))?
0
Let g(f) = 4*f - 12. Let o(p) = -2*p**2 - 7*p + 9. Let v be o(-4). Suppose 6 + 59 = v*k. What is the units digit of g(k)?
0
Suppose 0 = 5*j - 5*c - 475, -4*j + 3*c = 4*c - 405. Let f = 127 - j. Let p = f - -2. What is the units digit of p?
9
Suppose 4*a - 307228 = 44*t - 40*t, 0 = 3*a + t - 230417. What is the units digit of a?
6
Let p(l) = -4*l**3 + 9*l**2 + 3. Let d(o) = 5*o**3 - 9*o**2 + o - 3. Let c(y) = 3*d(y) + 4*p(y). Suppose 3*j - 6*j = -27. What is the tens digit of c(j)?
3
What is the tens digit of 18 - 7/(112/(-450144))?
5
Let t = 4948 - 2602. What is the hundreds digit of t?
3
What is the thousands digit of -5804*7/(-21)*(-21)/(-2)?
0
Let k = 53 + -50. Let w = 5 - k. What is the tens digit of -123*(w/(-6) + 2 + -2)?
4
What is the hundreds digit of 2/(280/(-35) - (-39626)/4953)?
9
Let f = 31659 + -18074. What is the tens digit of f?
8
Let q(k) = -38 + k**2 + 2*k - 10 - 19*k - 7. What is the tens digit of q(-5)?
5
Let l(b) = -b**3 - 7*b**2 - 11*b - 2. Let z be l(-5). Let h(p) = p + 14*p**2 + 0*p**z - 19 - p**3 + 7*p - 12*p. What is the hundreds digit of h(12)?
2
Let v(o) = -5*o**2 + 28*o - 29. Let x be v(-9). Suppose -4*m - 23 = 3*s + 33, -3*m - 60 = 3*s. What is the tens digit of s/14*x/4?
9
Let w = 16795 + 11969. What is the ten thousands digit of w?
2
Suppose -n + 3*t + 15 = 0, -3*n = -8*n + t + 19. Suppose -n*m = 0, 2*h + 0*h - 4*m - 8 = 0. What is the tens digit of (-4)/(-16)*h - -65?
6
Let y(u) = -36*u + 5. Let s be y(-2). Suppose -4*g = 3*l - 72, -2*g + 29 = 5*l - s. Suppose -l*z = -31*z + 583. What is the units digit of z?
3
Let y(n) = 6*n**2 - n - 1. Let p = 47 + -46. Let t be y(p). Suppose 0 = t*i - 0*i - 348. What is the units digit of i?
7
Suppose 2*f + 18 = 8*f. Let l be (f/6*4)/(1/(-20)). What is the units digit of 0/(3 + 0) - l?
0
Suppose -86*m + 640626 + 823533 - 556085 = 0. What is the ten thousands digit of m?
1
Suppose -3*y + 2 = -25. Suppose -3 = -4*a + y. Suppose -3*n = -a*t + 105, -120 = -3*t - 6*n + 4*n. What is the tens digit of t?
3
Let z(r) = r + 2. Let t(n) = -269*n + 16. Let i(x) = -t(x) + 4*z(x). What is the hundreds digit of i(1)?
2
Suppose -9*s + 13*s - 20 = -4*v, -2*v = 5*s - 7. What is the tens digit of 263 - v/(-3) - -4?
6
Let q(i) = 74*i**2 + 3*i - 9. Suppose -60 = -15*t + 30*t. What is the thousands digit of q(t)?
1
What is the units digit of (-10)/((-236)/354 - 1222/(-1842))?
0
Suppose 10*l + 104 + 196 = 0. Let m be ((-24)/l)/(3/180). What is the units digit of 2/6*9 + m?
1
Suppose 2*c + 4*q = 4850, 0 = c + 4*q - 314 - 2113. What is the units digit of c?
3
Let c = 58 + -55. Suppose 5*y - 5*d = -190, -d = 2*y + c*d + 88. What is the tens digit of 16/y - (-252)/5?
5
Suppose -195980 = -5*f - 161*d + 160*d, 78405 = 2*f + 3*d. What is the hundreds digit of f?
1
What is the hundreds digit of 12066*(-3)/(-1*(-3 + 9))?
0
Let a = -72102 - -115809. What is the thousands digit of a?
3
Let p = 5362 + -3934. What is the hundreds digit of p?
4
Suppose 3*s = -2*s + 20. Let g = 29 - s. Suppose -u + 3*y + 111 = 0, 0 = -5*y - 0*y - g. What is the units digit of u?
6
Let o = 1088 + -1091. Let s(d) = 4 + 0*d**3 + 5*d - 2*d - 2*d**3 + 3*d**2. What is the units digit of s(o)?
6
Let o = -8182 - -12547. What is the hundreds digit of o?
3
Let f(r) = 4*r**3 - 6*r**2 - 4*r - 9. Let l be -4 + (12/(-3) - -4 - -9). What is the units digit of f(l)?
1
Suppose 1090689 = 25*p + 284314. What is the tens digit of p?
5
Let c(y) = -77*y**2 + 6*y - 2. Let m(w) = -39*w**2 + 3*w - 1. Let z(v) = 4*v + 13. Let q be z(-4). Let f(l) = q*c(l) + 5*m(l). What is the units digit of f(2)?
9
Let n = -32 + 61. Let w = 31 - n. Suppose -w*u = 4*d + 3*u - 292, 4*d - 316 = u. What is the units digit of d?
8
Suppose 0 = -20*j + 14*j. Let u be 10/(-4)*8/(-4). Suppose u*a - 128 - 112 = j. What is the units digit of a?
8
Suppose -182*t + 92160 = -164*t. What is the units digit of t?
0
Suppose 4*s + 2 = -14, b = 2*s - 25. Let o = 700 - b. What is the hundreds digit of o?
7
Suppose -4*y - 6 = -3*p - 2, 2*y - 4*p + 12 = 0. Suppose -5*g + 2186 - 458 = 3*s, 0 = -4*g - y*s + 1384. What is the hundreds digit of g?
3
Suppose -2*f + 38500 = -b, 83*f + 19255 = 84*f - 3*b. What is the hundreds digit of f?
2
Let g(a) = 7*a - 24. Let s be g(12). Suppose -24*r + 29*r = s. What is the tens digit of 649/7 + r/42?
9
Let n = -135 - -935. Let j(f) = -796*f**3 + n*f**3 + 0*f**2 + 5 - 7*f + 3*f**2. What is the hundreds digit of j(3)?
1
Let m(n) be the third derivative of n**6/120 - n**5/30 - n**4/8 + 5*n**3/3 + 11*n**2. What is the units digit of m(5)?
0
What is the units digit of 8003*(21/3)/7 - -5?
8
Let p be 10*(-10)/(-25) + 0. Suppose -5 = -4*z + 5*z, 5*g - 1145 = -p*z. Suppose 2*f = 5*d + 163, 3*f - 2*d - g - 17 = 0. What is the tens digit of f?
8
Let v(a) be the third derivative of -a**6/120 + 7*a**5/20 + 7*a**4/24 + 4*a**3 + 1340*a**2 - 1. Let t be (1 + (-26)/5)*-5. What is the hundreds digit of v(t)?
1
Suppose 4*y - 2*c + 46156 = 8*y, 46156 = 4*y + 3*c. What is the hundreds digit of y?
5
Suppose -23864 = -7*r + 26*r. Let m = -635 - r. What is the tens digit of m?
2
What is the ten thousands digit of (-2)/(-5) - ((-203486976)/155)/32?
4
What is the thousands digit of 18/(-8)*(-6962048)/654?
3
Suppose -15999 - 10368 = -3*v + 3*g, 4*v = -4*g + 35188. What is the hundreds digit of v?
7
Let z(k) = 3*k**3 - 106*k**2 + 42*k + 32. What is the thousands digit of z(38)?
3
Suppose 5*k + 4*m = 45, -6*k + k + 4*m = -5. Suppose -5*c - 2*t + 0*t + 167 = 0, -3*t - 162 = -k*c. What is the units digit of c?
3
Suppose 0 = 5*z - 14*z + 6075. Suppose 0 = 5*s - s - 24. Suppose -l + s*l = z. What is the tens digit of l?
3
Let z(y) = -3 - 17*y - 9*y**2 - 9*y**3 + 11*y**3 + 16*y. What is the tens digit of z(5)?
1
Suppose 4*v + 4*m = 56860, 19*v - 20*v + m = -14225. What is the thousands digit of v?
4
Let x(z) = z**2 + 12*z + 6. Suppose 5*n - 4*t + 80 = t, 5*t = 20. Let s be x(n). Suppose -9*w + 129 = -s*w. What is the units digit of w?
3
Suppose 0 = 36*b - 30*b + 2502. Let y = -236 - b. What is the hundreds digit of y?
1
Let s = -91 + 89. Let m be s + 2 + 8 + 1. Suppose b - 5*n = 2, 5 + m = b - n. What is the units digit of b?
7
Suppose 5*v + 4 = t - 8, -v + 2*t + 3 = 0. Let u = 926 - 922. What is the tens digit of (u - 159/v) + -3?
5
Let t = 58228 + -28015. What is the thousands digit of t?
0
Suppose 19*o + 24 = 23*o. Let m be o - ((-7 - -3) + 5). Suppose 2*p + 2*p = 3*u - 314, 0 = -m*u + p + 512. What is the hundreds digit of u?
1
What is the thousands digit of (3547/4)/(1164/96 - 12)?
7
Suppose -8*c = 3*s - 3*c - 3376, 2*s - 3*c = 2257. What is the hundreds digit of s?
1
Let s(r) = r**3 - 18*r**2 + r 